{"id":11131,"date":"2025-01-16T12:27:33","date_gmt":"2025-01-16T09:27:33","guid":{"rendered":"https:\/\/www.camruzgarligi.com\/?post_type=product&#038;p=11131"},"modified":"2025-01-16T12:27:33","modified_gmt":"2025-01-16T09:27:33","slug":"suzuki-swift-2003-2011-ve-arasi-cam-ruzgarligi-4lu","status":"publish","type":"product","link":"https:\/\/www.camruzgarligi.com\/index.php\/urun\/suzuki-swift-2003-2011-ve-arasi-cam-ruzgarligi-4lu\/","title":{"rendered":"Suzuki Swift 2003-2011 Ve Aras\u0131 Cam R\u00fczgarl\u0131\u011f\u0131  4l\u00fc"},"content":{"rendered":"<p>Suzuki Swift 2003-2011 Ve Aras\u0131 Cam R\u00fczgarl\u0131\u011f\u0131  4l\u00fc<\/p>\n","protected":false},"excerpt":{"rendered":"<p>Suzuki Swift 2003-2011 Ve Aras\u0131 Cam R\u00fczgarl\u0131\u011f\u0131 4l\u00fc<\/p>\n","protected":false},"featured_media":0,"comment_status":"closed","ping_status":"closed","template":"","meta":[],"product_cat":[243,244],"product_tag":[],"class_list":{"0":"post-11131","1":"product","2":"type-product","3":"status-publish","5":"product_cat-suzuki","6":"product_cat-swift","8":"first","9":"instock","10":"sale","11":"shipping-taxable","12":"purchasable","13":"product-type-simple"},"_links":{"self":[{"href":"https:\/\/www.camruzgarligi.com\/index.php\/wp-json\/wp\/v2\/product\/11131","targetHints":{"allow":["GET"]}}],"collection":[{"href":"https:\/\/www.camruzgarligi.com\/index.php\/wp-json\/wp\/v2\/product"}],"about":[{"href":"https:\/\/www.camruzgarligi.com\/index.php\/wp-json\/wp\/v2\/types\/product"}],"replies":[{"embeddable":true,"href":"https:\/\/www.camruzgarligi.com\/index.php\/wp-json\/wp\/v2\/comments?post=11131"}],"version-history":[{"count":1,"href":"https:\/\/www.camruzgarligi.com\/index.php\/wp-json\/wp\/v2\/product\/11131\/revisions"}],"predecessor-version":[{"id":11132,"href":"https:\/\/www.camruzgarligi.com\/index.php\/wp-json\/wp\/v2\/product\/11131\/revisions\/11132"}],"wp:attachment":[{"href":"https:\/\/www.camruzgarligi.com\/index.php\/wp-json\/wp\/v2\/media?parent=11131"}],"wp:term":[{"taxonomy":"product_cat","embeddable":true,"href":"https:\/\/www.camruzgarligi.com\/index.php\/wp-json\/wp\/v2\/product_cat?post=11131"},{"taxonomy":"product_tag","embeddable":true,"href":"https:\/\/www.camruzgarligi.com\/index.php\/wp-json\/wp\/v2\/product_tag?post=11131"}],"curies":[{"name":"wp","href":"https:\/\/api.w.org\/{rel}","templated":true}]}}