{"id":11106,"date":"2025-01-14T16:01:03","date_gmt":"2025-01-14T13:01:03","guid":{"rendered":"https:\/\/www.camruzgarligi.com\/?post_type=product&#038;p=11106"},"modified":"2025-01-14T16:01:03","modified_gmt":"2025-01-14T13:01:03","slug":"renault-megane-3-2009-2015-ve-arasi-cam-ruzarligi-4lu","status":"publish","type":"product","link":"https:\/\/www.camruzgarligi.com\/index.php\/urun\/renault-megane-3-2009-2015-ve-arasi-cam-ruzarligi-4lu\/","title":{"rendered":"Renault Megane 3 2009-2015 Ve Aras\u0131 Cam R\u00fczarl\u0131\u011f\u0131 4l\u00fc"},"content":{"rendered":"<p>Renault Megane 3 2009-2015 Ve Aras\u0131 Cam R\u00fczarl\u0131\u011f\u0131 4l\u00fc<\/p>\n","protected":false},"excerpt":{"rendered":"<p>Renault Megane 3 2009-2015 Ve Aras\u0131 Cam R\u00fczarl\u0131\u011f\u0131 4l\u00fc<\/p>\n","protected":false},"featured_media":0,"comment_status":"closed","ping_status":"closed","template":"","meta":[],"product_cat":[233,223],"product_tag":[],"class_list":{"0":"post-11106","1":"product","2":"type-product","3":"status-publish","5":"product_cat-megane","6":"product_cat-renault","8":"first","9":"instock","10":"sale","11":"shipping-taxable","12":"purchasable","13":"product-type-simple"},"_links":{"self":[{"href":"https:\/\/www.camruzgarligi.com\/index.php\/wp-json\/wp\/v2\/product\/11106","targetHints":{"allow":["GET"]}}],"collection":[{"href":"https:\/\/www.camruzgarligi.com\/index.php\/wp-json\/wp\/v2\/product"}],"about":[{"href":"https:\/\/www.camruzgarligi.com\/index.php\/wp-json\/wp\/v2\/types\/product"}],"replies":[{"embeddable":true,"href":"https:\/\/www.camruzgarligi.com\/index.php\/wp-json\/wp\/v2\/comments?post=11106"}],"version-history":[{"count":1,"href":"https:\/\/www.camruzgarligi.com\/index.php\/wp-json\/wp\/v2\/product\/11106\/revisions"}],"predecessor-version":[{"id":11107,"href":"https:\/\/www.camruzgarligi.com\/index.php\/wp-json\/wp\/v2\/product\/11106\/revisions\/11107"}],"wp:attachment":[{"href":"https:\/\/www.camruzgarligi.com\/index.php\/wp-json\/wp\/v2\/media?parent=11106"}],"wp:term":[{"taxonomy":"product_cat","embeddable":true,"href":"https:\/\/www.camruzgarligi.com\/index.php\/wp-json\/wp\/v2\/product_cat?post=11106"},{"taxonomy":"product_tag","embeddable":true,"href":"https:\/\/www.camruzgarligi.com\/index.php\/wp-json\/wp\/v2\/product_tag?post=11106"}],"curies":[{"name":"wp","href":"https:\/\/api.w.org\/{rel}","templated":true}]}}